Is 10555 a prime number?
False
Is 692177 prime?
False
Is 48149 a prime number?
False
Is 8641 prime?
True
Is 1480379 a composite number?
False
Is 858131 prime?
False
Is 1642 a composite number?
True
Is 505255 prime?
False
Is 313739 composite?
False
Is 21089 a composite number?
False
Is 770983 prime?
False
Is 1903 a prime number?
False
Is 52498 composite?
True
Is 285981 a composite number?
True
Is 60267 prime?
False
Is 361159 composite?
False
Is 70051 a composite number?
False
Is 42589 a composite number?
False
Is 268271 composite?
False
Is 12443 a composite number?
True
Is 125053 prime?
True
Is 3271 composite?
False
Is 1661087 a prime number?
False
Is 98369 composite?
False
Is 16301 a composite number?
False
Is 49027 prime?
False
Is 346741 a composite number?
True
Is 17399 prime?
False
Is 8663 prime?
True
Is 5129 a composite number?
True
Is 5917 a composite number?
True
Is 589097 prime?
False
Is 66446 composite?
True
Is 1019299 a prime number?
False
Is 15853 a prime number?
False
Is 81059 a prime number?
False
Is 8817 prime?
False
Is 9689 prime?
True
Is 5257 prime?
False
Is 4507 composite?
False
Is 8039 composite?
False
Is 256441 a composite number?
False
Is 3991 prime?
False
Is 12979 a composite number?
False
Is 732797 prime?
False
Is 26081 composite?
True
Is 240283 a composite number?
False
Is 141413 a composite number?
False
Is 92197 composite?
True
Is 8779 composite?
False
Is 514783 composite?
False
Is 289717 prime?
True
Is 13121 composite?
False
Is 30353 composite?
True
Is 2814233 a composite number?
False
Is 26303 prime?
False
Is 40457 prime?
False
Is 1757 a composite number?
True
Is 211522 a composite number?
True
Is 227687 a prime number?
False
Is 2959 prime?
False
Is 557153 prime?
True
Is 4241261 a composite number?
False
Is 109271 prime?
False
Is 298955 prime?
False
Is 42487 prime?
True
Is 1099 a composite number?
True
Is 11906 prime?
False
Is 304519 prime?
False
Is 8999 a composite number?
False
Is 15593 composite?
True
Is 55553 a prime number?
False
Is 119267 a composite number?
False
Is 53341 a composite number?
True
Is 21701 composite?
False
Is 135767 composite?
True
Is 13553 a composite number?
False
Is 36739 prime?
True
Is 8461 composite?
False
Is 49991 composite?
False
Is 338839 a prime number?
True
Is 11751 prime?
False
Is 613 a composite number?
False
Is 1187 a prime number?
True
Is 601633 a prime number?
False
Is 4337 composite?
False
Is 10405 prime?
False
Is 117203 composite?
False
Is 28019 composite?
False
Is 1944841 a composite number?
False
Is 5669 a prime number?
True
Is 120011 a prime number?
True
Is 19607 a composite number?
True
Is 167759 a composite number?
False
Is 199159 composite?
True
Is 16871 composite?
False
Is 63761 composite?
False
Is 83791 a prime number?
True
Is 413255 prime?
False
Is 78059 a composite number?
False
Is 1343429 composite?
True
Is 276221 a composite number?
True
Is 181861 a prime number?
False
Is 136837 prime?
False
Is 39553 prime?
False
Is 34531 composite?
True
Is 10133 prime?
True
Is 8741 composite?
False
Is 6947 prime?
True
Is 63914 a prime number?
False
Is 24509 a composite number?
False
Is 9753 composite?
True
Is 15121 prime?
True
Is 79219 composite?
True
Is 745979 composite?
True
Is 3472285 a composite number?
True
Is 584429 a composite number?
False
Is 71143 a composite number?
False
Is 385607 prime?
True
Is 26153 a prime number?
True
Is 874255 prime?
False
Is 1029437 composite?
True
Is 16369 prime?
True
Is 1845047 composite?
False
Is 307297 a prime number?
False
Is 428213 composite?
True
Is 125123 a composite number?
True
Is 28051 a composite number?
False
Is 7063 composite?
True
Is 2227 prime?
False
Is 2959 a prime number?
False
Is 729793 a composite number?
True
Is 778847 a prime number?
True
Is 114326 a prime number?
False
Is 37119 a prime number?
False
Is 117563 prime?
True
Is 202463 a composite number?
True
Is 342223 prime?
False
Is 2901785 composite?
True
Is 557 composite?
False
Is 248023 a composite number?
True
Is 1337 prime?
False
Is 389611 prime?
False
Is 7817 prime?
True
Is 45481 composite?
False
Is 5501 prime?
True
Is 8741 composite?
False
Is 1973 a composite number?
False
Is 22426 prime?
False
Is 190469 composite?
True
Is 12949 a prime number?
False
Is 201689 a composite number?
True
Is 36433 a composite number?
False
Is 485531 a composite number?
True
Is 37931 a prime number?
False
Is 1052009 a prime number?
False
Is 10519 a composite number?
True
Is 1669049 prime?
True
Is 1276979 prime?
False
Is 209005 prime?
False
Is 94559 a prime number?
True
Is 202859 prime?
True
Is 305461 composite?
True
Is 747827 prime?
True
Is 51929 prime?
True
Is 42769 a composite number?
True
Is 71086 a composite number?
True
Is 638801 composite?
False
Is 68321 a prime number?
False
Is 149993 composite?
False
Is 94513 prime?
True
Is 9199 a composite number?
False
Is 393007 a composite number?
False
Is 124481 a composite number?
True
Is 843889 prime?
True
Is 82213 a prime number?
False
Is 149191 a composite number?
True
Is 4295 composite?
True
Is 351497 composite?
False
Is 7261 composite?
True
Is 1730047 a composite number?
True
Is 42323 a prime number?
True
Is 4727 a prime number?
False
Is 5091 prime?
False
Is 257081 a prime number?
False
Is 61441 composite?
False
Is 8791 prime?
False
Is 10411 a composite number?
True
Is 1371637 a composite number?
True
Is 748997 prime?
False
Is 23221 composite?
True
Is 3387 prime?
False
Is 1023257 prime?
True
Is 11963 composite?
True
Is 10189 prime?
False
Is 240947 prime?
False
Is 42821 a prime number?
True
Is 1339891 composite?
True
Is 330023 composite?
True
Is 169859 prime?
True
Is 574969 a composite number?
False
Is 17165 a composite number?
True
Is 155921 a composite number?
False
Is 907 a prime number?
True
Is 6434 a prime number?
False
Is 2309099 a prime number?
False
Is 228229 composite?
True
Is 2939 a prime number?
True
Is 156382 prime?
False
Is 273103 a composite number?
True
Is 135799 composite?
False
Is 3719 a prime number?
True
Is 491483 a composite number?
False
Is 20245 composite?
True
Is 377515 composite?
True
Is 47811 prime?
False
Is 158827 a prime number?
False
Is 308347 prime?
False
Is 3027 prime?
False
Is 239027 prime?
True
Is 39553 a composite number?
True
Is 165071 prime?
False
Is 2219762 a composite number?
True
Is 34123 a composite number?
False
Is 4385 a composite number?
True
Is 24901 a composite number?
True
Is 99741 a composite number?
True
Is 13291 a composite number?
False
Is 18839 a prime number?
True
Is 33817 composite?
True
Is 7754 prime?
False
Is 216185 a composite number?
True
Is 30565 composite?
True
Is 5297 a prime number?
True
Is 967706 composite?
True
Is 41343 a composite number?
True
Is 4789 prime?
True
Is 52639 a composite number?
False
Is 331937 a prime number?
True
Is 293053 prime?
False
Is 358177 prime?
False
Is 13595 a prime number?
False
Is 95311 composite?
False
Is 82837 a composite number?
False
Is 21133 composite?
True
Is 125329 a composite number?
False
Is 5041 composite?
True
Is 338993 a composite number?
False
Is 2736743 a composite number?
True
Is 2629783 a prime number?
False
Is 790781 composite?
False
Is 165643 composite?
True
Is 610851 a prime number?
False
Is 21779 a composite number?
True
Is 78695 composite?
True
Is 48003 prime?
False
Is 1088749 prime?
True
Is 6159 prime?
False
Is 4127 a prime number?
True
Is 7067 a composite number?
True
Is 265703 a prime number?
True
Is 139289 prime?
False
Is 4163443 composite?
True
Is 105641 a composite number?
True
Is 17441 prime?
False
Is 377011 prime?
True
Is 63493 a prime number?
True
Is 35467 prime?
False
Is 407047 a prime number?
True
Is 74479 prime?
False
Is 887 a prime number?
True
Is 1507 composite?
True
Is 1271129 a prime number?
True
Is 55291 prime?
True
Is 2453 composite?
True
Is 39073 prime?
False
Is 2036711 composite?
False
Is 2517883 a prime number?
False
Is 6029 a composite number?
False
Is 606493 a composite number?
False
Is 13909 composite?
True
Is 397829 a prime number?
True
Is 58961 a composite number?
True
Is 47207 composite?
False
Is 158113 a prime number?
True
Is 775921 a prime number?
False
Is 96742 prime?
False
Is 17401 a prime number?
True
Is 54478 a prime number?
False
Is 234439 a composite number?
True
Is 285281 prime?
True
Is 204583 c